{"id":13,"date":"2025-02-07T19:50:43","date_gmt":"2025-02-07T18:50:43","guid":{"rendered":"https:\/\/www.cunaki.de\/huehner_blog\/?page_id=13"},"modified":"2025-02-21T21:17:12","modified_gmt":"2025-02-21T20:17:12","slug":"mitglieder","status":"publish","type":"page","link":"https:\/\/www.cunaki.de\/huehner_blog\/mitglieder\/","title":{"rendered":"Mitglieder"},"content":{"rendered":"\n<p>Mitgliederstand 01.01.2021<\/p>\n\n\n\n<p>1 Apel Siegbert<\/p>\n\n\n\n<p>2 Apel Theo<\/p>\n\n\n\n<p>3 Denker Eckhard<\/p>\n\n\n\n<p>4 du Marie Helga<\/p>\n\n\n\n<p>5 Heim Kurt<\/p>\n\n\n\n<p>6 K\u00e4stner Dieter &#8211; Sonderrichter, Zuchtwart<\/p>\n\n\n\n<p>7 K\u00f6nnecke Lothar<\/p>\n\n\n\n<p>8 Lautenschl\u00e4ger Jens<\/p>\n\n\n\n<p>9 Lautenschl\u00e4ger Mandy<\/p>\n\n\n\n<p>10 L\u00f6bnitz Stefan<\/p>\n\n\n\n<p>11 L\u00f6bnitz Philipp &#8211; Schriftf\u00fchrer<\/p>\n\n\n\n<p>12 Pescht Carsten<\/p>\n\n\n\n<p>13 Pescht Franziska<\/p>\n\n\n\n<p>14 Pescht Ines<\/p>\n\n\n\n<p>15 Preis Norbert &#8211; 2. Kassierer, Ehrenvorsitzender<\/p>\n\n\n\n<p>16 Preis Rene<\/p>\n\n\n\n<p>17 Roth Dirk<\/p>\n\n\n\n<p>18 Schalling Heidi<\/p>\n\n\n\n<p>19 Schalling Reiner<\/p>\n\n\n\n<p>20 Schneppe Udo<\/p>\n\n\n\n<p>21 Sch\u00f6fer Bianca<\/p>\n\n\n\n<p>23 Schroft Ewald<\/p>\n\n\n\n<p>24 Schulz Klaus<\/p>\n\n\n\n<p>25 Schulz Martin<\/p>\n\n\n\n<p>26 Seeber Joachim<\/p>\n\n\n\n<p>29 Sell Charlie<\/p>\n\n\n\n<p>30 Stroka J\u00f6rg &#8211; 1. Vorsitzender<\/p>\n\n\n\n<p>31 Waldowski Jan<\/p>\n\n\n\n<p>32 Waldowski Udo<\/p>\n\n\n\n<p>33 Wandelt R\u00fcdiger<\/p>\n\n\n\n<p>34 Weidenhagen Heide<\/p>\n\n\n\n<p>36 Wienberg Christian<\/p>\n\n\n\n<p>37 Wiskamp Manfred<\/p>\n\n\n\n<p><strong>Jugendliche<\/strong><\/p>\n\n\n\n<p>Lautenschl\u00e4ger Emma<\/p>\n\n\n\n<p>Lautenschl\u00e4ger Nils<\/p>\n\n\n\n<p><\/p>\n","protected":false},"excerpt":{"rendered":"<p>Mitgliederstand 01.01.2021 1 Apel Siegbert 2 Apel Theo 3 Denker Eckhard 4 du Marie Helga 5 Heim Kurt 6 K\u00e4stner Dieter &#8211; Sonderrichter, Zuchtwart 7 K\u00f6nnecke Lothar 8 Lautenschl\u00e4ger Jens 9 Lautenschl\u00e4ger Mandy 10 L\u00f6bnitz Stefan 11 L\u00f6bnitz Philipp &#8211; Schriftf\u00fchrer 12 Pescht Carsten 13 Pescht Franziska 14 Pescht Ines 15 Preis Norbert &#8211; 2. [&hellip;]<\/p>\n","protected":false},"author":1,"featured_media":0,"parent":0,"menu_order":0,"comment_status":"closed","ping_status":"closed","template":"","meta":{"footnotes":""},"class_list":["post-13","page","type-page","status-publish","hentry"],"_links":{"self":[{"href":"https:\/\/www.cunaki.de\/huehner_blog\/wp-json\/wp\/v2\/pages\/13","targetHints":{"allow":["GET"]}}],"collection":[{"href":"https:\/\/www.cunaki.de\/huehner_blog\/wp-json\/wp\/v2\/pages"}],"about":[{"href":"https:\/\/www.cunaki.de\/huehner_blog\/wp-json\/wp\/v2\/types\/page"}],"author":[{"embeddable":true,"href":"https:\/\/www.cunaki.de\/huehner_blog\/wp-json\/wp\/v2\/users\/1"}],"replies":[{"embeddable":true,"href":"https:\/\/www.cunaki.de\/huehner_blog\/wp-json\/wp\/v2\/comments?post=13"}],"version-history":[{"count":6,"href":"https:\/\/www.cunaki.de\/huehner_blog\/wp-json\/wp\/v2\/pages\/13\/revisions"}],"predecessor-version":[{"id":65,"href":"https:\/\/www.cunaki.de\/huehner_blog\/wp-json\/wp\/v2\/pages\/13\/revisions\/65"}],"wp:attachment":[{"href":"https:\/\/www.cunaki.de\/huehner_blog\/wp-json\/wp\/v2\/media?parent=13"}],"curies":[{"name":"wp","href":"https:\/\/api.w.org\/{rel}","templated":true}]}}

<p>Mitgliederstand 01.01.2021</p>



<p>1 Apel Siegbert</p>



<p>2 Apel Theo</p>



<p>3 Denker Eckhard</p>



<p>4 du Marie Helga</p>



<p>5 Heim Kurt</p>



<p>6 Kästner Dieter &#8211; Sonderrichter, Zuchtwart</p>



<p>7 Könnecke Lothar</p>



<p>8 Lautenschläger Jens</p>



<p>9 Lautenschläger Mandy</p>



<p>10 Löbnitz Stefan</p>



<p>11 Löbnitz Philipp &#8211; Schriftführer</p>



<p>12 Pescht Carsten</p>



<p>13 Pescht Franziska</p>



<p>14 Pescht Ines</p>



<p>15 Preis Norbert &#8211; 2. Kassierer, Ehrenvorsitzender</p>



<p>16 Preis Rene</p>



<p>17 Roth Dirk</p>



<p>18 Schalling Heidi</p>



<p>19 Schalling Reiner</p>



<p>20 Schneppe Udo</p>



<p>21 Schöfer Bianca</p>



<p>23 Schroft Ewald</p>



<p>24 Schulz Klaus</p>



<p>25 Schulz Martin</p>



<p>26 Seeber Joachim</p>



<p>29 Sell Charlie</p>



<p>30 Stroka Jörg &#8211; 1. Vorsitzender</p>



<p>31 Waldowski Jan</p>



<p>32 Waldowski Udo</p>



<p>33 Wandelt Rüdiger</p>



<p>34 Weidenhagen Heide</p>



<p>36 Wienberg Christian</p>



<p>37 Wiskamp Manfred</p>



<p><strong>Jugendliche</strong></p>



<p>Lautenschläger Emma</p>



<p>Lautenschläger Nils</p>



<p></p>

<p>Mitgliederstand 01.01.2021 1 Apel Siegbert 2 Apel Theo 3 Denker Eckhard 4 du Marie Helga 5 Heim Kurt 6 Kästner Dieter &#8211; Sonderrichter, Zuchtwart 7 Könnecke Lothar 8 Lautenschläger Jens 9 Lautenschläger Mandy 10 Löbnitz Stefan 11 Löbnitz Philipp &#8211; Schriftführer 12 Pescht Carsten 13 Pescht Franziska 14 Pescht Ines 15 Preis Norbert &#8211; 2. [&hellip;]</p>
